atest common divisor of 494435842 and 6.
2
Calculate the highest common divisor of 2204 and 52325164.
2204
What is the greatest common divisor of 6 and 5618055?
3
Calculate the highest common divisor of 156771464 and 488.
488
What is the greatest common divisor of 403950 and 234050?
50
Calculate the highest common factor of 3762 and 28351914.
114
What is the greatest common divisor of 22642140 and 120?
60
What is the greatest common factor of 2408 and 244640?
8
Calculate the greatest common factor of 22401021 and 444.
111
Calculate the greatest common factor of 63621225 and 51.
51
What is the highest common divisor of 102 and 41243334?
6
What is the greatest common factor of 71873992 and 239?
239
Calculate the highest common factor of 9406134 and 414.
18
Calculate the highest common factor of 391 and 4094.
23
What is the highest common divisor of 70144 and 19520?
64
What is the greatest common factor of 180914 and 15349946?
578
What is the highest common divisor of 757977 and 29355?
309
Calculate the highest common factor of 269216 and 382016.
1504
What is the greatest common factor of 29841 and 58667?
203
Calculate the highest common factor of 7546080 and 880.
80
What is the greatest common divisor of 13120 and 1682230?
410
What is the highest common factor of 570630774 and 1021?
1021
What is the highest common factor of 46784 and 74358?
34
What is the greatest common factor of 4503979 and 56432?
3527
Calculate the greatest common divisor of 16 and 797090.
2
Calculate the greatest common factor of 69680 and 31850.
130
What is the greatest common divisor of 2170 and 2371040?
70
Calculate the highest common divisor of 10327818 and 2050.
82
Calculate the greatest common factor of 1342 and 58816322.
122
What is the highest common factor of 8954 and 14079681?
121
What is the greatest common factor of 552 and 194348574?
138
Calculate the highest common divisor of 105440 and 49120.
160
Calculate the highest common divisor of 1099740 and 1180.
20
Calculate the greatest common divisor of 45 and 976149.
9
What is the greatest common factor of 473 and 117813292?
43
Calculate the greatest common divisor of 1678696 and 9584.
8
Calculate the greatest common divisor of 3081341 and 5707.
439
What is the greatest common divisor of 240 and 24593340?
60
What is the highest common factor of 2495325 and 158025?
3675
Calculate the highest common divisor of 17046 and 352800.
18
What is the highest common divisor of 441 and 959265?
9
What is the highest common divisor of 46125828 and 2664?
1332
Calculate the greatest common factor of 247310 and 1000.
10
Calculate the highest common factor of 423 and 30755531.
47
What is the greatest common factor of 16186254 and 340174?
4306
Calculate the greatest common divisor of 509 and 89280127.
509
Calculate the highest common factor of 34188 and 3411023.
77
Calculate the greatest common factor of 8846325 and 11475.
225
Calculate the highest common factor of 2365968 and 1056.
528
Calculate the greatest common divisor of 47265 and 119485.
115
Calculate the highest common divisor of 214963254 and 162.
54
Calculate the highest common divisor of 234880 and 1242295.
1835
Calculate the highest common factor of 13020 and 763463505.
3255
Calculate the highest common divisor of 15246048 and 1240.
248
What is the greatest common factor of 16163 and 11073964?
2309
What is the highest common divisor of 18619968 and 192?
192
What is the greatest common divisor of 10608839 and 14477?
467
What is the highest common divisor of 12728 and 119362?
74
Calculate the greatest common divisor of 8 and 185651.
1
Calculate the greatest common divisor of 32683 and 14200053.
1421
Calculate the highest common factor of 30988328 and 1792.
56
What is the greatest common factor of 429543 and 1426507?
5303
Calculate the greatest common divisor of 65533309 and 3119.
3119
What is the highest common factor of 199884 and 3252?
12
What is the highest common divisor of 1663767 and 18333?
189
Calculate the greatest common divisor of 24076 and 4401280.
52
Calculate the greatest common divisor of 13650666 and 1033066.
7886
What is the greatest common factor of 2380 and 473550028?
476
What is the highest common divisor of 8059198 and 29036?
854
What is the highest common divisor of 2868865 and 17560?
2195
Calculate the highest common divisor of 49368 and 184144.
136
Calculate the highest common factor of 81278878 and 4490.
898
What is the highest common factor of 5608 and 2602813?
701
What is the greatest common factor of 28952 and 196504?
616
What is the highest common factor of 211121976 and 61?
61
Calculate the greatest common divisor of 1352 and 989053.
13
What is the greatest common divisor of 59247004 and 2767?
2767
Calculate the greatest common factor of 7741127 and 159.
53
What is the highest common factor of 99150986 and 9394?
1342
Calculate the greatest common factor of 13896519 and 22386.
273
Calculate the greatest common factor of 1779451 and 5.
1
What is the greatest common factor of 812388959 and 1823?
1823
What is the greatest common divisor of 21443426 and 6222?
34
Calculate the highest common factor of 36486194 and 846.
94
Calculate the greatest common factor of 1198128 and 30228.
2748
Calculate the highest common divisor of 468449 and 8084.
47
What is the greatest common factor of 62 and 64832656?
62
Calculate the highest common factor of 2349 and 365229.
81
Calculate the greatest common divisor of 467024 and 1301486.
3434
Calculate the highest common factor of 3279 and 182531.
1093
Calculate the greatest common factor of 11672748 and 126.
18
What is the greatest common factor of 47553 and 749058?
393
Calculate the greatest common factor of 21 and 22806028.
7
Calculate the highest common divisor of 65 and 2773585.
5
Calculate the greatest common factor of 10885224 and 140.
28
Calculate the greatest common factor of 3013 and 28478614.
131
What is the highest common divisor of 16344 and 42024?
24
What is the greatest common factor of 1605 and 698460?
15
What is the highest common factor of 5235075 and 117?
9
Calculate the greatest common divisor of 170067 and 245197.
683
What is the greatest common factor of 24596972 and 4?
4
What is the highest common divisor of 10512 and 13550256?
144
What is the highest common divisor of 48888 and 84584?
776
What is the highest common divisor of 2498352 and 59478?
138
Calculate the highest common factor of 1580978 and 2828.
14
What is the greatest common divisor of 154281 and 258?
3
Calculate the greatest common factor of 1729700 and 15532.
1412
Calculate the highest common divisor of 1435324 and 352.
44
Calculate the greatest common factor of 6422452 and 110374.
346
Calculate the greatest common divisor of 42 and 980010.
6
What is the highest common factor of 1473222 and 27550?
38
Calculate the highest common factor of 249 and 33270467.
83
Calculate the greatest common divisor of 2574 and 23485605.
429
What is the greatest common divisor of 22599 and 67986?
27
What is the greatest common divisor of 48 and 67617?
3
What is the greatest common factor of 217257 and 13344?
417
What is the highest common divisor of 2179071 and 18?
9
Calculate the highest common factor of 30 and 553935.
15
What is the greatest common divisor of 30612691 and 18491?
1681
Calculate the greatest common factor of 35069618 and 62.
62
What is the greatest common divisor of 12716289 and 918?
153
Calculate the greatest common factor of 541950 and 1350.
150
Calculate the greatest common divisor of 86850 and 3720.
30
Calculate the highest common factor of 316740 and 6015.
15
What is the highest common divisor of 231007 and 32025?
427
Calculate the greatest common factor of 837 and 37767.
3
Calculate the highest common divisor of 782 and 376907.
17
Calculate the highest common factor of 7279 and 2319491.
251
What is the highest common divisor of 77 and 1681757?
77
Calculate the greatest common divisor of 473 and 197808127.
473
What is the highest common factor of 5696 and 20104388?
356
What is the highest common factor of 90 and 117640620?
90
What is the greatest common factor of 9380 and 12890?
10
Calculate the greatest common factor of 16522008 and 16368.
744
Calculate the highest common divisor of 27310678 and 60774.
2894
Calculate the greates